et j = o + -75. What is the tens digit of j?
4
Let v(k) = -k**2 + 2*k - 4. Let o = -17 - -12. Let t be v(o). What is the tens digit of (-6)/(-9)*t/(-2)?
1
Let d = 6 + -3. Suppose -108 = -4*g - d*i - 29, g + i - 20 = 0. What is the tens digit of g?
1
Suppose 0 = -4*z - 4*p + 636, 2*z + 0*z + 5*p - 318 = 0. What is the units digit of z?
9
Let g be ((-2)/5)/((-2)/(-10)). What is the tens digit of (g - 6/4)*-6?
2
What is the units digit of -4*(-4)/(-4) - -66?
2
Let w(z) = z**3 + 6*z**2 + 6*z + 5. What is the units digit of w(-4)?
3
Suppose 12 = -4*q, -4*h - 4*q = q - 85. What is the tens digit of h?
2
Let t(f) = 5*f**2 + 6*f + 2. What is the tens digit of t(-4)?
5
Suppose -2*g - 35 = -2*l + 49, -5*g + 102 = 3*l. What is the units digit of l?
9
Suppose j - 12 = -j - 5*t, t = 2*j - 12. Suppose -2 - j = n. Let g = n - -13. What is the units digit of g?
5
What is the tens digit of 38216/255 - 4/(-30)?
5
Let s be 1/(-1)*3*-1. Let c = s + 13. Let r = -4 + c. What is the tens digit of r?
1
What is the tens digit of 21/(-14)*96/(-9)?
1
Suppose 2*h - 265 = -3*h. Let p = h - 32. Suppose -p + 1 = -4*m, 0 = -3*y + 4*m - 17. What is the units digit of y?
1
Suppose 0 = z + d + 1, 3*z + 4*d = 7*z + 20. Suppose 0 = a + 2*a - 27. Let w = z + a. What is the units digit of w?
6
Let p(b) = b - 3. Let u(o) = -3*o + 6. Let w(s) = -5*p(s) - 2*u(s). What is the units digit of w(4)?
7
Let x = -84 - -428. What is the tens digit of (-26)/65 + x/10?
3
Let u(x) = 3*x**2 + 2*x - 3. What is the units digit of u(-5)?
2
Let j = -16 - -78. What is the units digit of j?
2
Let o(s) = s**3 - 8*s**2 - s + 10. What is the units digit of o(9)?
2
Let v(f) = f**2 + 2*f + 4. Let c be v(-3). Let a(d) = 3 - d + 1 + 5 - 1. What is the units digit of a(c)?
1
Let x = 73 - 52. What is the units digit of x?
1
Let u(w) = -w**3 - 2*w**2 + 2*w. Let r be u(-3). What is the units digit of ((-3)/r)/(2/(-12))?
6
Let n(h) be the first derivative of h**2 + h + 5. What is the units digit of n(6)?
3
Let m = 2 - 3. Let y be ((-10)/(-15))/(m/(-6)). Suppose 0 = 2*s - 3*l - 7, 2*s + 28 = 4*s + y*l. What is the units digit of s?
8
Let a(t) = -t**3 - 11*t**2 + 6*t - 11. What is the tens digit of a(-12)?
6
Let f(o) = -2*o + 15. Let d be f(-8). Let n = d + -5. What is the units digit of n?
6
Let a(x) = -5*x - 15. What is the units digit of a(-11)?
0
Suppose 2*h - 9 = h. Suppose 5*k = -5*t + 80, 2*k - 5*t - h = 16. What is the units digit of k?
5
Let z(l) = 6*l - 4. Suppose 0 = y - 2 - 0. Let n = 1 + y. What is the units digit of z(n)?
4
Suppose 0 = -6*b + 4*b + 4. Let j = b + -2. Suppose j*z = 2*z - 18. What is the units digit of z?
9
Suppose 2*x - 3*p = 113, 2*x + 4*p - 84 = x. What is the tens digit of x?
6
What is the units digit of ((-2)/4)/(5716/1144 - 5)?
3
Let d be 0*(1 + 2 + -2). Suppose -4*r + 185 = -3*s, -3*s + 2*s + 5 = d. Suppose -26 = -l - 3*n, 2*l - 5*n = -l + r. What is the tens digit of l?
2
Let u be 3/9 - (-13)/(-3). What is the units digit of 12/((18/u)/(-3))?
8
Suppose 13 = -2*o + 5*m, o - m + 1 + 7 = 0. Let i = o + 9. Suppose 0 = -i*z + z - 12. What is the units digit of z?
2
Suppose 5*b - 19 = 1, -5*d + 233 = 2*b. What is the tens digit of d?
4
Let u = 1 + 2. What is the units digit of u?
3
Let x be 4*2/((-24)/9). Let t = x - -2. What is the units digit of 1/1*t/(-1)?
1
Suppose 4*s + 12 = -2*k, -5*s - 8 - 33 = -4*k. What is the units digit of k?
4
Let a(k) = -k - 3. Let x be a(-6). Suppose -65 + 19 = -4*z - x*r, -56 = -4*z + 2*r. What is the units digit of z?
3
Let s = -3 + 6. Suppose -d - 5*n + 33 = -0*d, s*n + 53 = 5*d. What is the units digit of d?
3
Suppose 4*h + 12 = -8. Let f = 10 + h. What is the units digit of 2/1 - f*-1?
7
Suppose -27 = 4*q + 21. What is the tens digit of (2/(-3))/(q/882)?
4
Suppose k - 34 = -4*k + y, -5*y = 20. Let x = 7 - k. Let o = x - -2. What is the units digit of o?
3
Suppose -10 = 3*m + 2*m. Let z = m + 12. What is the units digit of z?
0
Suppose 0 = -4*y - 2*w + 98, 51 = 2*y - 0*y - w. Suppose 4*v + 3*s = -55, 3*s = -2*v + 3 - 32. Let x = y + v. What is the units digit of x?
2
Let d(n) = 12*n**3 - 2*n - 1. Let k be d(-1). Let r = 23 + k. What is the units digit of r?
2
Let o = 14 + -13. What is the units digit of o?
1
What is the tens digit of (24/(-60))/((-2)/110)?
2
Let u be (-34)/(-5) + (-2)/(-10). Suppose 4*g = u - 39. What is the units digit of g/(-3) - 2/(-6)?
3
Let s = 0 - 0. Let u = s - -3. What is the units digit of u?
3
Suppose -2*p + 0*p - 3 = -3*c, 3*c = 4*p - 3. Suppose l = -3*o, -p*l - 5 - 19 = -3*o. Let x = 15 - l. What is the tens digit of x?
2
Suppose 2*t - 104 = 4*m, t = -3*t - m + 172. What is the tens digit of t?
4
Suppose 4*x = -5*v + 2138, -4*v - v + 4*x + 2122 = 0. What is the hundreds digit of v?
4
Let k(o) = 3*o**3 - 15*o**2 + 2*o - 14. What is the units digit of k(7)?
4
Let f = -14 + 16. Suppose 3*o + 27 = -3*b + 126, -f*b = -2*o - 74. What is the units digit of b?
5
Let y be (-117)/(-7) + 14/49. Let f = 7 + y. What is the units digit of f?
4
What is the tens digit of 16/(-40) + 621/15?
4
Let u(r) = r - 17. Suppose -2*a = 4*z - 42, 2*a - 12 = -0*z + 2*z. Let f be u(a). Let h = 9 + f. What is the units digit of h?
3
Let r(z) = 40*z + 17. What is the tens digit of r(5)?
1
Suppose 5*a + 5*l - 35 = 0, -4 = -4*l - 0. Suppose -4*k - 44 = -a*k. What is the units digit of k?
2
Suppose -3*x - a = -264, -x + a + 258 = 2*x. Suppose -4*t = -h - x, 5*t - 17 - 97 = 3*h. Suppose -5*m + 54 = -t. What is the tens digit of m?
1
Suppose 3*q - 502 = 4*n, 3*n + 2*n + 503 = 3*q. What is the hundreds digit of q?
1
Suppose 6*b + 5 - 113 = 0. Let f(r) = 4*r - 1. Let y be f(-3). Let t = y + b. What is the units digit of t?
5
Let v(w) = -w**3 - 4*w**2 + 6*w - 1. Let u be v(-5). Let c = -23 - u. Let x = c + 29. What is the units digit of x?
2
Let v = -5 + 18. What is the tens digit of v?
1
Let s(j) = j**2 - 2*j + 2. What is the tens digit of s(4)?
1
Suppose 6*p = 3*p. Suppose -5*v - 7 = -2*k, 0 = -2*k - p*v - 4*v + 34. What is the tens digit of k?
1
Suppose 3*d - 144 = 3. What is the tens digit of d?
4
Suppose 7*v - 3*v - 8 = 0. What is the units digit of v?
2
Suppose -18 + 27 = 3*a. Let x = 19 - a. What is the units digit of x?
6
Suppose -3*y = x - 7 - 6, 3*y - 4*x = -7. Suppose 6*o = y*o. Let r(l) = l**3 + l**2 - l + 3. What is the units digit of r(o)?
3
Suppose 0*m + 2*m = -3*a + 359, 25 = -5*a. What is the units digit of m?
7
Let x(y) = -2*y**3 - y**2 + 3*y + 3. What is the tens digit of x(-4)?
0
Suppose 25 = -2*w + 7*w. Let d(o) = -o**2 - 2 + w + 6*o + 0. What is the units digit of d(6)?
3
Let q be (8/10)/(2/5). Suppose -2*v - 5*c - 8 = 0, q*v - 10 = -v - 2*c. What is the units digit of 16/3 - (-4)/v?
6
Suppose -6 + 2 = r. What is the tens digit of (r + 1)*48/(-9)?
1
Let u(h) = -2*h**2 - 2. Let r be u(3). Let b = 28 + r. What is the units digit of b?
8
Let k(m) = 77*m**3 + m. What is the tens digit of k(1)?
7
Let i be 76/(-16) - 1/4. Let g = i + 10. What is the units digit of g?
5
Let p(c) = 4*c**2 - c - 1. Let j(r) = r + 7. Let v(k) = k**3 + k**2 + k + 1. Let q be v(-2). Let s be j(q). What is the units digit of p(s)?
3
What is the units digit of (42/(-8))/(10/(-200))?
5
Suppose -12 = 4*m, -a + 148 = 4*a - m. What is the units digit of a?
9
Let r = 0 + -2. Let b be r/(-5) - 24/10. Let w(p) = -p. What is the units digit of w(b)?
2
Suppose 0 = 4*d - 25 - 67. What is the tens digit of d?
2
Let g be 4/(-20) + (-21)/(-5). Suppose -18 = -b + g. What is the tens digit of b?
2
Suppose -7*q = -8*q. Suppose q = -3*g + 33 - 6. What is the units digit of g?
9
Let x(a) = -a + 3. Let o be x(-2). Suppose 0 = 5*c - 0*r - o*r - 40, r = -4*c + 42. What is the units digit of c?
0
Let c(m) = -2*m - 7. Suppose 5*a + 18 = 2*a. What is the units digit of c(a)?
5
Let t = -6 - -9. Suppose -z - 25 + 8 = -5*m, -3 = 3*z - t*m. What is the units digit of z?
3
Suppose -5*i + 2*i - 2*j = -433, -293 = -2*i + 3*j. Suppose -143 = -3*k + i. Suppose 28 - k = -4*h. What is the tens digit of h?
1
Suppose 5*k + c - 220 + 56 = 0, -3*k - 5*c = -94. What is the units digit of k?
3
Let i(s) = 7*s + 51. What is the hundreds digit of i(15)?
1
Let g(h) = h**3 - 7*h**2 - 7*h - 4. Let m be 7 + (-2)/((-2)/1). Let t be g(m). Suppose 0 = 3*o - u - 27, -t*u = -6*o + o + 52. What is the units digit of o?